+ 2 + (1 - -58) + 1959 + -1968.
64
Calculate 2 + 0 - 45 - (15 + (45 - 35) - 32).
-36
What is the value of 173 + -164 + -1 + 7 + -2 + -2 + 14?
25
What is the value of 58 - (-50 - (-43 + -28))?
37
Calculate (-53 + -42 - -169) + -107.
-33
What is the value of 52 + (-18 - (-95 - -52))?
77
-17 + 13 + (174 - 100)
70
Calculate -3 - (-33 + (-19 - -47)).
2
Evaluate (70 - 189 - -87) + -66.
-98
Calculate -4 - (3 + 3 + -2) - (35 - (77 + 25)).
59
Calculate (-130 - -242) + -115 - (0 - -6).
-9
What is the value of 1098 - 1092 - (-4 - -2 - -19) - 16?
-27
What is (6 - -32) + -15 + (6 - (17 - -147))?
-135
Calculate -24 + -2 + -1 - (24 + 7).
-58
What is the value of -23 - 24 - (-23 - -29 - (14 + -1))?
-40
What is 136 - (-192 + 64 - -242)?
22
What is 2 + 0 + 10 + (-835 - -809)?
-14
What is the value of (5 + -8 - (15 + -42 - -21)) + (-2 - -17)?
18
Evaluate 31 - ((-15 - -22) + -2 + (1 - 5)).
30
Calculate -58 + -3 + 16 + (1 - 7) + 1 + -3.
-53
What is 0 + 10 + -1 - (-43 + 62) - (1 + -61)?
50
What is the value of 70 + -8 + (-64 - -54)?
52
146 - (183 - (121 + -203))
-119
Evaluate (-8 - (-1 + 0)) + (-48 - -89).
34
What is the value of -41 - 2 - (130 + -150) - -10?
-13
33 - 65 - (-74 + 44)
-2
Evaluate 1 + 9 - (12 + 1).
-3
What is the value of -31 - (-9 + 5) - -37 - (-34 - 0)?
44
What is -16 - (-6 + (14 - 31)) - 27?
-20
(1 - 0 - -6) + 43 + -179 + 184
55
What is the value of 64 - (-6 - -6) - (6 + 10 - 4)?
52
-1127 - -1144 - (28 + -2 + -6)
-3
52 + -12 + -9 + -47 + -30 + 1 + -1
-46
What is the value of 10 + -27 + 10 - (13 - 20) - -17?
17
What is 34 - (0 - (-97 - -171))?
108
What is -16 + 9 + (52 - (-11 + 15))?
41
What is the value of (-24 - (22 + -53)) + 2 + 3 + -17?
-5
71 + -6 - -4 - (21 + (-20 - 7))
75
What is the value of 24 + (43 - 58) + -13?
-4
Calculate 11 - ((-25 - 0) + -7) - 16.
27
Evaluate 11 + -18 + (5 + -2 - 8) - -3 - -63.
54
What is -22 - -50 - (62 + 1)?
-35
Calculate -63 - (-11 - 47 - 33).
28
Calculate -56 + 1 + 1 + -3 + (-643 - -654).
-46
Evaluate 0 - 37 - ((-318 - -295) + 0 + 23).
-37
What is the value of -10 + (-12 - ((13 - -7) + -20) - (86 + -1))?
-107
Evaluate 6 - 2 - (((1 - 11) + 10 - 35) + 7).
32
What is -32 + (26 - (62 - 91))?
23
What is the value of 58 + (-101 - (-115 + 34))?
38
Calculate 1 + -2 - (-76 + 53 + 26 + 0).
-4
Calculate (6089 - 6103) + 0 + 38 + (-3 - -3).
24
Calculate 3 + -1 - -3 - (73 + -14 + -7) - -7.
-40
What is the value of 0 + -2 + 23 + (-51 - (-30 - 1))?
1
What is -64 - (67 - 71 - 94)?
34
Evaluate (0 - 1 - (-3 + -3 + -1)) + -9 + 98.
95
Calculate -21 + (15 - (20 - 0) - 30).
-56
What is the value of 72 - 45 - (21 + 12 - 0)?
-6
What is the value of (-1 - -32 - 10 - 33) + 12?
0
What is -2 + 19 + (-16 - (-7 + -29))?
37
What is the value of 285 - 196 - (102 - 29)?
16
What is the value of 66 - -2 - (-147 - -140 - -6)?
69
What is 14 - 59 - (0 + -15 + 4 - 2)?
-32
What is the value of -12 + -63 + -30 - -78?
-27
Calculate (-44 + 8 - -19) + 32 - -62.
77
Calculate -13 + 2 + 5 - (1 + 14 - (123 - 79)).
23
Evaluate 1 + (-9 - (-5 + -4)) + (-113 - (-15 + 10)).
-107
Calculate 11 + (17 - 54) - 5 - 29.
-60
What is the value of 2 + 6 + 1 + -58 + -2 + (45 - -2)?
-4
What is the value of 13 + (4 - 84) + -27 + 49?
-45
Calculate 2 + (1 - 0 - (-27 + 25) - 2) + -53.
-50
Evaluate 1 - -10 - (27 - (16 - (-5 + 14) - 17)).
-26
(-27 - (23 - 17)) + 17 - -57
41
Evaluate 50 + 19 + -10 + 0 + -5 - 18.
36
(-1 - -3 - -12 - (-157 - -167)) + (27 - 0)
31
-1 - (-1 + 27 - 76) - 21
28
What is the value of 32 + (92 - 90 - (0 - -3))?
31
Calculate 16 - (-19 + 12 - (67 - (20 - 16))).
86
What is (0 - 79) + (51 - -26) + -86 + -7 + 2?
-93
27 + (-1 - -10 - -1 - (-343 - -355))
25
Calculate -24 + (-39 - -67) + 5.
9
What is -6 - ((-29 - -22) + -3 - 23)?
27
Evaluate -29 + 0 + -12 + 12 + 6 - 14.
-37
What is (-150 - -149) + 1 + -1 + -3 - -2?
-2
Calculate (-47 - -13) + (17 - 10) - -12.
-15
Calculate (-2 + -2 + 25 - (33 + -23)) + -55.
-44
What is 13 + -4 + -4 + 652 + -652?
5
Evaluate (27 + (11 - 9) - -12) + 11 + -3.
49
50 - (117 + -22 + -16)
-29
What is (-47 - 64) + 75 - -127?
91
Evaluate -14 + 13 + 115 + (31 - 17) + -7.
121
Calculate -115 + 338 + -201 + -1 + (-3 - -55).
73
What is -11 - (7 + -10 + -33 + -72 + 9)?
88
Calculate (-112 - -3) + 3 - (13 - (12 + -47 + 61)).
-93
Evaluate 5 + -10 + -1 + 489 + -500.
-17
What is the value of (-26 + 15 - 14 - -8) + 44?
27
What is 138 + (105 - (-15 + 144))?
114
What is 27 + -9 + (-18 - (-28 - -13)) + 5?
20
Calculate (46 + -43 - 11) + 12.
4
Calculate 11 - (21 - ((-25 - (10 + -25)) + 59)).
39
What is 7 + -6 + (0 - 7) + (26 - 20)?
0
What is the value of (-36 - -4) + (-22 - (-22 + -17))?
-15
Calculate 0 + (1 - (-1 - 0)) + (2672 - 2663) - -9.
20
Evaluate 163 - (244 + (-91 - -26)).
-16
-2 + 8 + -1 + (39261 - 39245)
21
-96 + 116 - 17 - (11 + (2 - 4))
-6
What is 1 - 61 - (27 + 3 - (-94 - -111))?
-73
Calculate -191 + 168 - (9 - ((-2 - 1) + 8)).
-27
What is the value of (-5 - 94) + (103 - 71)?
-67
What is the value of (23 - (-38 - -60)) + 78 - 51?
28
What is 7064 - 7214 - (-286 - -2)?
134
Calculate -45 - (31 - (-24 - -8) - 48).
-44
What is -7 + 9 - (39 - (37 + -7))?
-7
241 - 227 - (-2 + 11) - 18
-13
71 + (11 - (1 - ((-11 - 15) + 3 - -4)))
62
What is the value of (262 - 279) + (0 - -15) - 14?
-16
Calculate -16 + 6 + -2 - (9 + (-5 - 9)) - 56.
-63
What is -20 + 23 + 16 + 42?
61
Evaluate 0 - (-2 - -16) - (12 - (-33 - -49)) - 26.
-36
What is (-9 - 36) + (-2 - (-29 - -37))?
-55
Calculate (-42 - -19 - -16) + (-4 - 10) - (-2 - 3).
-16
Evaluate -11 - -9 - -44 - -9 - 22.
29
-21 - 14 - (88 + -104)
-19
-63 + -73 - -142 - (36 + 2)
-32
What is the value of (4 + 19 - 5 - (3 - -40)) + 1?
-24
What is 86 + 31 + (-52 - -16)?
81
What is the value of 66 + (32 - 58) + 11 + 2?
53
Calculate (-96 - -60) + 45 - (3 + -73).
79
Evaluate (-3 - -66) + (-9 + (-6 - -10) - -10 - 11).
57
What is the value of 1457 + -1414 + -1 + 35?
77
Calculate 30 + (140 + -73 - 70).
27
Calculate 13 + (1 - 97) + (46 - 60) + (8 - 1).
-90
Calculate 22 + ((7 - 24) + -28 - -34).
11
Evaluate -11 + 6 - (14 - (-3 + -1)).
-23
1 + 34 - (1730 - 1729)
34
Calculate 20 - (-1 + 22 + (-307 - -279)).
27
Calculate 64 + -95 + 30 - (-2 + -18).
19
What is the value of -5 + 20 + (28 - (4 - -3))?
36
What is the value of 9 + -4 + 15 + (20 - -1)?
41
What is -37 + -3 - (-10 - (-20 + -5))?
-55
1 + 13 - (-7 + -4 + 7 + -16)
34
9 - (92 + -243 - -112)
48
Calculate -35 + 0 - (-91 + 71 - 40).
25
-51 - (-42 + 71 + -142)
62
(111 - -85 - 306) + 0 + 33
-77
Evaluate 1289 + -1220 - (0 - -75).
-6
What is 342 + -366 - (0 - (87 - 5))?
58
Calculate 44 - 0 - (-9340 - -9342).
42
What is (34 - (10 + 8)) + -2 - 39?
-25
What is the value of 76 + (-94 - (-17 + -5))?
4
0 - 1 - ((1 - -1) + (119 - (202 - 0)))
80
-3 + 13 + -19 + (-20 - -26)
-3
What is the value of 80 + 2 - (-2416 + 2591)?
-93
What is the value of -36 - -89 - (5 + 36) - (-17 - -1)?
28
(-20 + 32 - -20) + (89 - 7)
114
Evaluate -20 - ((44 - -44) + -184).
76
Calculate (1 - (-13 - 80)) + -5 - 25.
64
-106266 - -106372 - (-3 + 1 + 0 + -12)
120
What is the value of -12 + ((13 - 1) + 12 - -57)?
69
What is (15 - (-21 + -3)) + (-1 + -11 - 0)?
27
Calculate 17 + 16 + (-18 - (-6 - -34)).
-13
-21 - (-2 - -4) - (2097 - 2146)
26
What is the value of -58 - (-1 + (-16 + (-5 - -10) - (-20 - -2)))?
-64
-3 - 28 - (-8 - (-65 - -87))
-1
Calculate -2 - -10 - (-227 + 149 + 85).
1
What is 7 - (14 + -7 + (1 - (10 - 7))) - -28?
30
Calculate -122 - (-144 + -13 + 156).
-121
Calculate 78 - ((34 - 36) + 36).
44
What is the value of (17 + -11 - -7) + 8 + -187 + 118?
-48
What is the value of -51 - (1 - ((17 + -10 - 0) + 5))?
-40
Evaluate (-40 - 19) + 8 - 2 - 8.
-61
What is 5 - (-495 - -493 - (-1 - -3 - -3) - -7)?
5
Calculate 40 + -19 + (-5 - 4 - 13).
-1
Calculate -20 - (-65 + (-48 - -57)).
36
Evaluate -12 - (15 - (-11 + -2 - (11 + -53 - 0))).
2
What is (-3 - (6 - (42 - 37))) + (-38 - -1)?
-41
Evaluate (-5642 - -5538) + 1 + 141.
38
-10 + (3 - 4) + 64 + (-14 - -1)
40
Calculate (-173 - (-86 - -86)) + 133.
-40
What is -122 + 5 + -1 + (-22 - (17 - 13) - -20)?
-124
What is the value of 5 - -1 - 25 - (120 + -10 + -72)?
-57
What is the value of (5 - (-4 - 16) - (-11 + 18 + -8)) + -1?
25
Calculate (89 - (3 - (3 + 25 + -11 + -6))) + 13.
110
What is the value of -106 - ((13 + 3 - 3) + 1184 + -1204)?
-99
27 + (34 - 21) + -5 + 5
40
Calculate 16 + (-